{"id":20,"date":"2025-10-29T11:47:42","date_gmt":"2025-10-29T11:47:42","guid":{"rendered":"https:\/\/www.unesemaineunlivre.fr\/?page_id=20"},"modified":"2026-03-04T18:20:02","modified_gmt":"2026-03-04T18:20:02","slug":"archives","status":"publish","type":"page","link":"https:\/\/www.unesemaineunlivre.fr\/index.php\/archives\/","title":{"rendered":"Archives"},"content":{"rendered":"\t\t<div data-elementor-type=\"wp-page\" data-elementor-id=\"20\" class=\"elementor elementor-20\">\n\t\t\t\t<div class=\"elementor-element elementor-element-4243c08 e-flex e-con-boxed e-con e-parent\" data-id=\"4243c08\" data-element_type=\"container\">\n\t\t\t\t\t<div class=\"e-con-inner\">\n\t\t\t\t<div class=\"elementor-element elementor-element-133b1f2 elementor-widget elementor-widget-image\" data-id=\"133b1f2\" data-element_type=\"widget\" data-widget_type=\"image.default\">\n\t\t\t\t\t\t\t\t\t\t\t\t\t\t\t<img fetchpriority=\"high\" decoding=\"async\" width=\"1536\" height=\"596\" src=\"https:\/\/www.unesemaineunlivre.fr\/wp-content\/uploads\/2026\/01\/Bandeau2026-1-1536x596.jpg\" class=\"attachment-1536x1536 size-1536x1536 wp-image-1085\" alt=\"\" srcset=\"https:\/\/www.unesemaineunlivre.fr\/wp-content\/uploads\/2026\/01\/Bandeau2026-1-1536x596.jpg 1536w, https:\/\/www.unesemaineunlivre.fr\/wp-content\/uploads\/2026\/01\/Bandeau2026-1-300x116.jpg 300w, https:\/\/www.unesemaineunlivre.fr\/wp-content\/uploads\/2026\/01\/Bandeau2026-1-1024x398.jpg 1024w, https:\/\/www.unesemaineunlivre.fr\/wp-content\/uploads\/2026\/01\/Bandeau2026-1-768x298.jpg 768w, https:\/\/www.unesemaineunlivre.fr\/wp-content\/uploads\/2026\/01\/Bandeau2026-1-2048x795.jpg 2048w\" sizes=\"(max-width: 1536px) 100vw, 1536px\" \/>\t\t\t\t\t\t\t\t\t\t\t\t\t\t\t<\/div>\n\t\t\t\t\t<\/div>\n\t\t\t\t<\/div>\n\t\t<div class=\"elementor-element elementor-element-491ad87 e-flex e-con-boxed e-con e-parent\" data-id=\"491ad87\" data-element_type=\"container\">\n\t\t\t\t\t<div class=\"e-con-inner\">\n\t\t\t\t<div class=\"elementor-element elementor-element-a4eec50 elementor-align-center elementor-widget elementor-widget-button\" data-id=\"a4eec50\" data-element_type=\"widget\" data-widget_type=\"button.default\">\n\t\t\t\t\t\t\t\t\t\t<a class=\"elementor-button elementor-button-link elementor-size-sm\" href=\"https:\/\/www.unesemaineunlivre.fr\/index.php\/les-notes-de-lectures-de-francois-2\/\">\n\t\t\t\t\t\t<span class=\"elementor-button-content-wrapper\">\n\t\t\t\t\t\t\t\t\t<span class=\"elementor-button-text\">Notes de lecture de Fran\u00e7ois<\/span>\n\t\t\t\t\t<\/span>\n\t\t\t\t\t<\/a>\n\t\t\t\t\t\t\t\t<\/div>\n\t\t\t\t\t<\/div>\n\t\t\t\t<\/div>\n\t\t<div class=\"elementor-element elementor-element-e9f3e7d e-flex e-con-boxed e-con e-parent\" data-id=\"e9f3e7d\" data-element_type=\"container\">\n\t\t\t\t\t<div class=\"e-con-inner\">\n\t\t\t\t<div class=\"elementor-element elementor-element-3e3ec5c elementor-align-center elementor-widget elementor-widget-button\" data-id=\"3e3ec5c\" data-element_type=\"widget\" data-widget_type=\"button.default\">\n\t\t\t\t\t\t\t\t\t\t<a class=\"elementor-button elementor-button-link elementor-size-sm\" href=\"https:\/\/www.unesemaineunlivre.fr\/index.php\/les-chroniques-litteraires-de-martine\/\">\n\t\t\t\t\t\t<span class=\"elementor-button-content-wrapper\">\n\t\t\t\t\t\t\t\t\t<span class=\"elementor-button-text\">Chroniques litt\u00e9raires de Martine<\/span>\n\t\t\t\t\t<\/span>\n\t\t\t\t\t<\/a>\n\t\t\t\t\t\t\t\t<\/div>\n\t\t\t\t<div class=\"elementor-element elementor-element-18b3233 elementor-align-center elementor-widget elementor-widget-button\" data-id=\"18b3233\" data-element_type=\"widget\" data-widget_type=\"button.default\">\n\t\t\t\t\t\t\t\t\t\t<a class=\"elementor-button elementor-button-link elementor-size-sm\" href=\"https:\/\/www.unesemaineunlivre.fr\/index.php\/les-notices-editeurs\/\">\n\t\t\t\t\t\t<span class=\"elementor-button-content-wrapper\">\n\t\t\t\t\t\t\t\t\t<span class=\"elementor-button-text\">Notices \u00e9diteurs de Jean-Louis<\/span>\n\t\t\t\t\t<\/span>\n\t\t\t\t\t<\/a>\n\t\t\t\t\t\t\t\t<\/div>\n\t\t\t\t\t<\/div>\n\t\t\t\t<\/div>\n\t\t<div class=\"elementor-element elementor-element-98b4093 e-flex e-con-boxed e-con e-parent\" data-id=\"98b4093\" data-element_type=\"container\">\n\t\t\t\t\t<div class=\"e-con-inner\">\n\t\t\t\t\t<\/div>\n\t\t\t\t<\/div>\n\t\t\t\t<\/div>\n\t\t","protected":false},"excerpt":{"rendered":"<p>Notes de lecture de Fran\u00e7ois Chroniques litt\u00e9raires de Martine Notices \u00e9diteurs de Jean-Louis<\/p>\n","protected":false},"author":1,"featured_media":0,"parent":0,"menu_order":0,"comment_status":"closed","ping_status":"closed","template":"","meta":{"footnotes":""},"class_list":["post-20","page","type-page","status-publish","hentry"],"yoast_head":"<!-- This site is optimized with the Yoast SEO plugin v26.3 - https:\/\/yoast.com\/wordpress\/plugins\/seo\/ -->\n<title>Archives - Une semaine, un livre<\/title>\n<meta name=\"robots\" content=\"index, follow, max-snippet:-1, max-image-preview:large, max-video-preview:-1\" \/>\n<link rel=\"canonical\" href=\"https:\/\/www.unesemaineunlivre.fr\/index.php\/archives\/\" \/>\n<meta property=\"og:locale\" content=\"fr_FR\" \/>\n<meta property=\"og:type\" content=\"article\" \/>\n<meta property=\"og:title\" content=\"Archives - Une semaine, un livre\" \/>\n<meta property=\"og:description\" content=\"Notes de lecture de Fran\u00e7ois Chroniques litt\u00e9raires de Martine Notices \u00e9diteurs de Jean-Louis\" \/>\n<meta property=\"og:url\" content=\"https:\/\/www.unesemaineunlivre.fr\/index.php\/archives\/\" \/>\n<meta property=\"og:site_name\" content=\"Une semaine, un livre\" \/>\n<meta property=\"article:modified_time\" content=\"2026-03-04T18:20:02+00:00\" \/>\n<meta property=\"og:image\" content=\"http:\/\/www.unesemaineunlivre.fr\/wp-content\/uploads\/2026\/01\/Bandeau2026-1-1536x596.jpg\" \/>\n<meta name=\"twitter:card\" content=\"summary_large_image\" \/>\n<meta name=\"twitter:label1\" content=\"Dur\u00e9e de lecture estim\u00e9e\" \/>\n\t<meta name=\"twitter:data1\" content=\"1 minute\" \/>\n<script type=\"application\/ld+json\" class=\"yoast-schema-graph\">{\"@context\":\"https:\/\/schema.org\",\"@graph\":[{\"@type\":\"WebPage\",\"@id\":\"https:\/\/www.unesemaineunlivre.fr\/index.php\/archives\/\",\"url\":\"https:\/\/www.unesemaineunlivre.fr\/index.php\/archives\/\",\"name\":\"Archives - Une semaine, un livre\",\"isPartOf\":{\"@id\":\"http:\/\/www.unesemaineunlivre.fr\/#website\"},\"primaryImageOfPage\":{\"@id\":\"https:\/\/www.unesemaineunlivre.fr\/index.php\/archives\/#primaryimage\"},\"image\":{\"@id\":\"https:\/\/www.unesemaineunlivre.fr\/index.php\/archives\/#primaryimage\"},\"thumbnailUrl\":\"http:\/\/www.unesemaineunlivre.fr\/wp-content\/uploads\/2026\/01\/Bandeau2026-1-1536x596.jpg\",\"datePublished\":\"2025-10-29T11:47:42+00:00\",\"dateModified\":\"2026-03-04T18:20:02+00:00\",\"breadcrumb\":{\"@id\":\"https:\/\/www.unesemaineunlivre.fr\/index.php\/archives\/#breadcrumb\"},\"inLanguage\":\"fr-FR\",\"potentialAction\":[{\"@type\":\"ReadAction\",\"target\":[\"https:\/\/www.unesemaineunlivre.fr\/index.php\/archives\/\"]}]},{\"@type\":\"ImageObject\",\"inLanguage\":\"fr-FR\",\"@id\":\"https:\/\/www.unesemaineunlivre.fr\/index.php\/archives\/#primaryimage\",\"url\":\"https:\/\/www.unesemaineunlivre.fr\/wp-content\/uploads\/2026\/01\/Bandeau2026-1-scaled.jpg\",\"contentUrl\":\"https:\/\/www.unesemaineunlivre.fr\/wp-content\/uploads\/2026\/01\/Bandeau2026-1-scaled.jpg\",\"width\":2560,\"height\":994},{\"@type\":\"BreadcrumbList\",\"@id\":\"https:\/\/www.unesemaineunlivre.fr\/index.php\/archives\/#breadcrumb\",\"itemListElement\":[{\"@type\":\"ListItem\",\"position\":1,\"name\":\"Accueil\",\"item\":\"http:\/\/www.unesemaineunlivre.fr\/\"},{\"@type\":\"ListItem\",\"position\":2,\"name\":\"Archives\"}]},{\"@type\":\"WebSite\",\"@id\":\"http:\/\/www.unesemaineunlivre.fr\/#website\",\"url\":\"http:\/\/www.unesemaineunlivre.fr\/\",\"name\":\"Une semaine, un livre\",\"description\":\"\",\"potentialAction\":[{\"@type\":\"SearchAction\",\"target\":{\"@type\":\"EntryPoint\",\"urlTemplate\":\"http:\/\/www.unesemaineunlivre.fr\/?s={search_term_string}\"},\"query-input\":{\"@type\":\"PropertyValueSpecification\",\"valueRequired\":true,\"valueName\":\"search_term_string\"}}],\"inLanguage\":\"fr-FR\"}]}<\/script>\n<!-- \/ Yoast SEO plugin. -->","yoast_head_json":{"title":"Archives - Une semaine, un livre","robots":{"index":"index","follow":"follow","max-snippet":"max-snippet:-1","max-image-preview":"max-image-preview:large","max-video-preview":"max-video-preview:-1"},"canonical":"https:\/\/www.unesemaineunlivre.fr\/index.php\/archives\/","og_locale":"fr_FR","og_type":"article","og_title":"Archives - Une semaine, un livre","og_description":"Notes de lecture de Fran\u00e7ois Chroniques litt\u00e9raires de Martine Notices \u00e9diteurs de Jean-Louis","og_url":"https:\/\/www.unesemaineunlivre.fr\/index.php\/archives\/","og_site_name":"Une semaine, un livre","article_modified_time":"2026-03-04T18:20:02+00:00","og_image":[{"url":"http:\/\/www.unesemaineunlivre.fr\/wp-content\/uploads\/2026\/01\/Bandeau2026-1-1536x596.jpg","type":"","width":"","height":""}],"twitter_card":"summary_large_image","twitter_misc":{"Dur\u00e9e de lecture estim\u00e9e":"1 minute"},"schema":{"@context":"https:\/\/schema.org","@graph":[{"@type":"WebPage","@id":"https:\/\/www.unesemaineunlivre.fr\/index.php\/archives\/","url":"https:\/\/www.unesemaineunlivre.fr\/index.php\/archives\/","name":"Archives - Une semaine, un livre","isPartOf":{"@id":"http:\/\/www.unesemaineunlivre.fr\/#website"},"primaryImageOfPage":{"@id":"https:\/\/www.unesemaineunlivre.fr\/index.php\/archives\/#primaryimage"},"image":{"@id":"https:\/\/www.unesemaineunlivre.fr\/index.php\/archives\/#primaryimage"},"thumbnailUrl":"http:\/\/www.unesemaineunlivre.fr\/wp-content\/uploads\/2026\/01\/Bandeau2026-1-1536x596.jpg","datePublished":"2025-10-29T11:47:42+00:00","dateModified":"2026-03-04T18:20:02+00:00","breadcrumb":{"@id":"https:\/\/www.unesemaineunlivre.fr\/index.php\/archives\/#breadcrumb"},"inLanguage":"fr-FR","potentialAction":[{"@type":"ReadAction","target":["https:\/\/www.unesemaineunlivre.fr\/index.php\/archives\/"]}]},{"@type":"ImageObject","inLanguage":"fr-FR","@id":"https:\/\/www.unesemaineunlivre.fr\/index.php\/archives\/#primaryimage","url":"https:\/\/www.unesemaineunlivre.fr\/wp-content\/uploads\/2026\/01\/Bandeau2026-1-scaled.jpg","contentUrl":"https:\/\/www.unesemaineunlivre.fr\/wp-content\/uploads\/2026\/01\/Bandeau2026-1-scaled.jpg","width":2560,"height":994},{"@type":"BreadcrumbList","@id":"https:\/\/www.unesemaineunlivre.fr\/index.php\/archives\/#breadcrumb","itemListElement":[{"@type":"ListItem","position":1,"name":"Accueil","item":"http:\/\/www.unesemaineunlivre.fr\/"},{"@type":"ListItem","position":2,"name":"Archives"}]},{"@type":"WebSite","@id":"http:\/\/www.unesemaineunlivre.fr\/#website","url":"http:\/\/www.unesemaineunlivre.fr\/","name":"Une semaine, un livre","description":"","potentialAction":[{"@type":"SearchAction","target":{"@type":"EntryPoint","urlTemplate":"http:\/\/www.unesemaineunlivre.fr\/?s={search_term_string}"},"query-input":{"@type":"PropertyValueSpecification","valueRequired":true,"valueName":"search_term_string"}}],"inLanguage":"fr-FR"}]}},"_links":{"self":[{"href":"https:\/\/www.unesemaineunlivre.fr\/index.php\/wp-json\/wp\/v2\/pages\/20","targetHints":{"allow":["GET"]}}],"collection":[{"href":"https:\/\/www.unesemaineunlivre.fr\/index.php\/wp-json\/wp\/v2\/pages"}],"about":[{"href":"https:\/\/www.unesemaineunlivre.fr\/index.php\/wp-json\/wp\/v2\/types\/page"}],"author":[{"embeddable":true,"href":"https:\/\/www.unesemaineunlivre.fr\/index.php\/wp-json\/wp\/v2\/users\/1"}],"replies":[{"embeddable":true,"href":"https:\/\/www.unesemaineunlivre.fr\/index.php\/wp-json\/wp\/v2\/comments?post=20"}],"version-history":[{"count":40,"href":"https:\/\/www.unesemaineunlivre.fr\/index.php\/wp-json\/wp\/v2\/pages\/20\/revisions"}],"predecessor-version":[{"id":1667,"href":"https:\/\/www.unesemaineunlivre.fr\/index.php\/wp-json\/wp\/v2\/pages\/20\/revisions\/1667"}],"wp:attachment":[{"href":"https:\/\/www.unesemaineunlivre.fr\/index.php\/wp-json\/wp\/v2\/media?parent=20"}],"curies":[{"name":"wp","href":"https:\/\/api.w.org\/{rel}","templated":true}]}}