{"id":318,"date":"2025-10-30T10:02:59","date_gmt":"2025-10-30T10:02:59","guid":{"rendered":"https:\/\/www.unesemaineunlivre.fr\/?page_id=318"},"modified":"2026-04-06T15:52:00","modified_gmt":"2026-04-06T15:52:00","slug":"les-notices-editeurs","status":"publish","type":"page","link":"https:\/\/www.unesemaineunlivre.fr\/index.php\/les-notices-editeurs\/","title":{"rendered":"Les notices \u00e9diteurs"},"content":{"rendered":"\t\t<div data-elementor-type=\"wp-page\" data-elementor-id=\"318\" class=\"elementor elementor-318\">\n\t\t\t\t<div class=\"elementor-element elementor-element-af64aa6 e-flex e-con-boxed e-con e-parent\" data-id=\"af64aa6\" data-element_type=\"container\">\n\t\t\t\t\t<div class=\"e-con-inner\">\n\t\t\t\t<div class=\"elementor-element elementor-element-59afbbb elementor-widget elementor-widget-image\" data-id=\"59afbbb\" data-element_type=\"widget\" data-widget_type=\"image.default\">\n\t\t\t\t\t\t\t\t\t\t\t\t\t\t\t<img fetchpriority=\"high\" decoding=\"async\" width=\"1536\" height=\"596\" src=\"https:\/\/www.unesemaineunlivre.fr\/wp-content\/uploads\/2026\/01\/Bandeau2026-1-1536x596.jpg\" class=\"attachment-1536x1536 size-1536x1536 wp-image-1085\" alt=\"\" srcset=\"https:\/\/www.unesemaineunlivre.fr\/wp-content\/uploads\/2026\/01\/Bandeau2026-1-1536x596.jpg 1536w, https:\/\/www.unesemaineunlivre.fr\/wp-content\/uploads\/2026\/01\/Bandeau2026-1-300x116.jpg 300w, https:\/\/www.unesemaineunlivre.fr\/wp-content\/uploads\/2026\/01\/Bandeau2026-1-1024x398.jpg 1024w, https:\/\/www.unesemaineunlivre.fr\/wp-content\/uploads\/2026\/01\/Bandeau2026-1-768x298.jpg 768w, https:\/\/www.unesemaineunlivre.fr\/wp-content\/uploads\/2026\/01\/Bandeau2026-1-2048x795.jpg 2048w\" sizes=\"(max-width: 1536px) 100vw, 1536px\" \/>\t\t\t\t\t\t\t\t\t\t\t\t\t\t\t<\/div>\n\t\t\t\t<div class=\"elementor-element elementor-element-b4e776a elementor-widget elementor-widget-heading\" data-id=\"b4e776a\" data-element_type=\"widget\" data-widget_type=\"heading.default\">\n\t\t\t\t\t<h1 class=\"elementor-heading-title elementor-size-default\">une semaine, un livre<\/h1>\t\t\t\t<\/div>\n\t\t\t\t\t<\/div>\n\t\t\t\t<\/div>\n\t\t<div class=\"elementor-element elementor-element-6a95e76 e-con-full e-flex e-con e-parent\" data-id=\"6a95e76\" data-element_type=\"container\">\n\t\t<div class=\"elementor-element elementor-element-5d1c1b2 e-con-full e-flex e-con e-child\" data-id=\"5d1c1b2\" data-element_type=\"container\">\n\t\t\t\t<div class=\"elementor-element elementor-element-cffe393 elementor-widget__width-initial elementor-widget elementor-widget-text-editor\" data-id=\"cffe393\" data-element_type=\"widget\" data-widget_type=\"text-editor.default\">\n\t\t\t\t\t\t\t\t\t<h5>\u00a0A &#8211; E<\/h5><p><strong><a href=\"http:\/\/www.unesemaineunlivre.fr\/wp-content\/uploads\/2026\/02\/notice_editeur_Actes-Sud-Babel.pdf\" target=\"_blank\" rel=\"noopener\">Actes Sud &#8211; Babel<\/a><\/strong><\/p><p><strong><a href=\"http:\/\/www.unesemaineunlivre.fr\/wp-content\/uploads\/2026\/02\/notice_editeur_Albin_Michel.pdf\" target=\"_blank\" rel=\"noopener\">Albin Michel<\/a><\/strong><\/p><p><strong><a href=\"http:\/\/www.unesemaineunlivre.fr\/wp-content\/uploads\/2026\/02\/notice_editeur_Allia.pdf\" target=\"_blank\" rel=\"noopener\">Allia<\/a><\/strong><\/p><p><strong><a href=\"http:\/\/www.unesemaineunlivre.fr\/wp-content\/uploads\/2026\/02\/notice_editeur_Alto.pdf\" target=\"_blank\" rel=\"noopener\">Alto<\/a><\/strong><\/p><p><strong><a href=\"http:\/\/www.unesemaineunlivre.fr\/wp-content\/uploads\/2026\/02\/notice_editeur_Anacharsis.pdf\" target=\"_blank\" rel=\"noopener\">Anacharsis<\/a><\/strong><\/p><p><strong><a href=\"http:\/\/www.unesemaineunlivre.fr\/wp-content\/uploads\/2026\/03\/notice_editeur_Anne-Carriere.pdf\" target=\"_blank\" rel=\"noopener\">Anne Carri\u00e8re<\/a><\/strong><\/p><p><strong><a href=\"http:\/\/www.unesemaineunlivre.fr\/wp-content\/uploads\/2026\/02\/notice_editeur_arbre_vengeur.pdf\" target=\"_blank\" rel=\"noopener\">Arbre vengeur (L&#8217;)<\/a><\/strong><\/p><p><strong><a href=\"http:\/\/www.unesemaineunlivre.fr\/wp-content\/uploads\/2026\/02\/notice_editeur_Les-arenes.pdf\" target=\"_blank\" rel=\"noopener\">Ar\u00e8nes (Les)<\/a><\/strong><\/p><p><strong><a href=\"http:\/\/www.unesemaineunlivre.fr\/wp-content\/uploads\/2026\/03\/notice_editeur_arlea.pdf\" target=\"_blank\" rel=\"noopener\">Arl\u00e9a<\/a><\/strong><\/p><p><strong><a href=\"http:\/\/www.unesemaineunlivre.fr\/wp-content\/uploads\/2026\/02\/notice_editeur_Asphalte.pdf\" target=\"_blank\" rel=\"noopener\">Asphalte<\/a><\/strong><\/p><p><strong><a href=\"http:\/\/www.unesemaineunlivre.fr\/wp-content\/uploads\/2026\/02\/notice_editeur_Autrement-1.pdf\" target=\"_blank\" rel=\"noopener\">Autrement<\/a><\/strong><\/p><p><strong><a href=\"http:\/\/www.unesemaineunlivre.fr\/wp-content\/uploads\/2026\/02\/notice_editeur_Boreal.pdf\" target=\"_blank\" rel=\"noopener\">Bor\u00e9al (du)<\/a><\/strong><\/p><p><strong><a href=\"http:\/\/www.unesemaineunlivre.fr\/wp-content\/uploads\/2026\/02\/notice_editeur_Buchet_Chastel.pdf\" target=\"_blank\" rel=\"noopener\">Buchet Chastel<\/a><\/strong><\/p><p><strong><a href=\"http:\/\/www.unesemaineunlivre.fr\/wp-content\/uploads\/2026\/02\/notice_editeur_Calmann-Levy.pdf\" target=\"_blank\" rel=\"noopener\">Calmann L\u00e9vy<\/a><\/strong><\/p><p><strong><a href=\"http:\/\/www.unesemaineunlivre.fr\/wp-content\/uploads\/2026\/02\/notice_editeur_Cambourakis2.pdf\" target=\"_blank\" rel=\"noopener\">Cambourakis<\/a><\/strong><\/p><p><strong><a href=\"http:\/\/www.unesemaineunlivre.fr\/wp-content\/uploads\/2026\/02\/notice_editeur_Cheyne.pdf\" target=\"_blank\" rel=\"noopener\">Cheyne<\/a><\/strong><\/p><p><strong><a href=\"http:\/\/www.unesemaineunlivre.fr\/wp-content\/uploads\/2026\/02\/notice_editeur_Bourgois.pdf\" target=\"_blank\" rel=\"noopener\">Christian Bourgois<\/a><\/strong><\/p><p><strong><a href=\"http:\/\/www.unesemaineunlivre.fr\/wp-content\/uploads\/2026\/02\/notice_editeur_La-contre-allee.pdf\" target=\"_blank\" rel=\"noopener\">Contre all\u00e9e (La)<\/a><\/strong><\/p><p><strong><a href=\"http:\/\/www.unesemaineunlivre.fr\/wp-content\/uploads\/2026\/02\/notice_editeur_Denoel.pdf\" target=\"_blank\" rel=\"noopener\">Deno\u00ebl<\/a><\/strong><\/p><p><strong><a href=\"http:\/\/www.unesemaineunlivre.fr\/wp-content\/uploads\/2026\/02\/notice_editeur_Equateurs.pdf\" target=\"_blank\" rel=\"noopener\">Equateurs<\/a><\/strong><\/p><p><strong><a href=\"http:\/\/www.unesemaineunlivre.fr\/wp-content\/uploads\/2026\/02\/notice_editeur_Elyzad.pdf\" target=\"_blank\" rel=\"noopener\">Elyzad<\/a><\/strong><\/p>\t\t\t\t\t\t\t\t<\/div>\n\t\t\t\t<\/div>\n\t\t<div class=\"elementor-element elementor-element-e51b80e e-con-full e-flex e-con e-child\" data-id=\"e51b80e\" data-element_type=\"container\">\n\t\t\t\t<div class=\"elementor-element elementor-element-614c65d elementor-widget elementor-widget-text-editor\" data-id=\"614c65d\" data-element_type=\"widget\" data-widget_type=\"text-editor.default\">\n\t\t\t\t\t\t\t\t\t<h5>F &#8211; L\u00a0<\/h5><p><strong><a href=\"http:\/\/www.unesemaineunlivre.fr\/wp-content\/uploads\/2026\/02\/notice_editeur_Fayard.pdf\" target=\"_blank\" rel=\"noopener\">Fayard<\/a><\/strong><\/p><p><strong><a href=\"http:\/\/www.unesemaineunlivre.fr\/wp-content\/uploads\/2025\/10\/notice_editeur_Finitude.pdf\" target=\"_blank\" rel=\"noopener\">Finitude<\/a><\/strong><\/p><p><strong><a href=\"http:\/\/www.unesemaineunlivre.fr\/wp-content\/uploads\/2026\/02\/notice_editeur_Flammarion.pdf\" target=\"_blank\" rel=\"noopener\">Flammarion<\/a><\/strong><\/p><p><strong><a href=\"http:\/\/www.unesemaineunlivre.fr\/wp-content\/uploads\/2026\/02\/notice_editeur_folio.pdf\" target=\"_blank\" rel=\"noopener\">Folio<\/a><\/strong><\/p><p><strong><a href=\"http:\/\/www.unesemaineunlivre.fr\/wp-content\/uploads\/2025\/10\/notice_editeur_aux_forges_de_vulcain.pdf\" target=\"_blank\" rel=\"noopener\">Forges de Vulcain (Aux)<\/a><\/strong><\/p><p><strong><a href=\"http:\/\/www.unesemaineunlivre.fr\/wp-content\/uploads\/2026\/03\/notice_editeur_nrf-Gallimard.pdf\" target=\"_blank\" rel=\"noopener\">Gallimard<\/a><\/strong><\/p><p><strong><a href=\"http:\/\/www.unesemaineunlivre.fr\/wp-content\/uploads\/2025\/11\/notice_editeur-Gallmeister.pdf\" target=\"_blank\" rel=\"noopener\">Gallmeister<\/a><\/strong><\/p><p><strong><a href=\"http:\/\/www.unesemaineunlivre.fr\/wp-content\/uploads\/2025\/10\/notice_editeur_Globe.pdf\" target=\"_blank\" rel=\"noopener\">Globe<\/a><\/strong><\/p><p><strong><a href=\"http:\/\/www.unesemaineunlivre.fr\/wp-content\/uploads\/2026\/03\/notice_editeur_Grasset.pdf\" target=\"_blank\" rel=\"noopener\">Grasset<\/a><\/strong><\/p><p><strong><a href=\"http:\/\/www.unesemaineunlivre.fr\/wp-content\/uploads\/2026\/02\/notice_editeur_Impressions-nouvelles.pdf\" target=\"_blank\" rel=\"noopener\">Impressions nouvelles (Les)<\/a><\/strong><\/p><p><strong><a href=\"http:\/\/www.unesemaineunlivre.fr\/wp-content\/uploads\/2025\/11\/notice_editeur_Istya__Cie.pdf\" target=\"_blank\" rel=\"noopener\">Istya &amp; Cie<\/a><\/strong><\/p><p><strong><a href=\"http:\/\/www.unesemaineunlivre.fr\/wp-content\/uploads\/2026\/02\/notice_editeur_Jai_lu.pdf\" target=\"_blank\" rel=\"noopener\">J&#8217;ai lu<\/a><\/strong><\/p><p><strong><a href=\"http:\/\/www.unesemaineunlivre.fr\/wp-content\/uploads\/2026\/02\/notice_editeur_Joelle_Losfeld.pdf\" target=\"_blank\" rel=\"noopener\">Jo\u00eblle Losfeld<\/a><\/strong><\/p><p><strong><a href=\"http:\/\/www.unesemaineunlivre.fr\/wp-content\/uploads\/2026\/02\/notice_editeur_JOU.pdf\" target=\"_blank\" rel=\"noopener\">Jou<\/a><\/strong><\/p><p><strong><a href=\"http:\/\/www.unesemaineunlivre.fr\/wp-content\/uploads\/2026\/02\/notice_editeur_Liana_Levi.pdf\" target=\"_blank\" rel=\"noopener\">Liana Levi<\/a><\/strong><\/p><p><strong><a href=\"http:\/\/www.unesemaineunlivre.fr\/wp-content\/uploads\/2026\/02\/notice_editeur_libretto.pdf\" target=\"_blank\" rel=\"noopener\">Libretto<\/a><\/strong><\/p><p><strong><a href=\"http:\/\/www.unesemaineunlivre.fr\/wp-content\/uploads\/2026\/03\/notice_editeur_le_livre_de_poche.pdf\" target=\"_blank\" rel=\"noopener\">Livre de Poche (le)<\/a><\/strong><\/p>\t\t\t\t\t\t\t\t<\/div>\n\t\t\t\t<\/div>\n\t\t<div class=\"elementor-element elementor-element-34ca48d e-con-full e-flex e-con e-child\" data-id=\"34ca48d\" data-element_type=\"container\">\n\t\t\t\t<div class=\"elementor-element elementor-element-168c497 elementor-widget__width-initial elementor-widget elementor-widget-text-editor\" data-id=\"168c497\" data-element_type=\"widget\" data-widget_type=\"text-editor.default\">\n\t\t\t\t\t\t\t\t\t<h5>\u00a0M &#8211; P<\/h5><p><a href=\"http:\/\/www.unesemaineunlivre.fr\/wp-content\/uploads\/2026\/02\/notice_editeur_La_Manufacture_de_livres.pdf\" target=\"_blank\" rel=\"noopener\"><strong>Manufacture de livres (La)<\/strong><\/a><\/p><p><strong><a href=\"http:\/\/www.unesemaineunlivre.fr\/wp-content\/uploads\/2025\/11\/notice_editeur_Le_Mercure_de_France.pdf\" target=\"_blank\" rel=\"noopener\">Mercure de France<\/a><\/strong><\/p><p><strong><a href=\"http:\/\/www.unesemaineunlivre.fr\/wp-content\/uploads\/2026\/02\/notice_editeur_Metailie.pdf\" target=\"_blank\" rel=\"noopener\">M\u00e9taili\u00e9<\/a><\/strong><\/p><p><strong><a href=\"http:\/\/www.unesemaineunlivre.fr\/wp-content\/uploads\/2026\/03\/notice_editeur_Minuit.pdf\" target=\"_blank\" rel=\"noopener\">Minuit (de)<\/a><\/strong><\/p><p><strong><a href=\"http:\/\/www.unesemaineunlivre.fr\/wp-content\/uploads\/2026\/03\/notice_editeur_le_mot_et_le_reste.pdf\" target=\"_blank\" rel=\"noopener\">Mot et le reste (Le)<\/a><\/strong><\/p><p><strong><a href=\"http:\/\/www.unesemaineunlivre.fr\/wp-content\/uploads\/2026\/02\/notice_editeur_Noir_sur_Blanc.pdf\" target=\"_blank\" rel=\"noopener\">Noir sur Blanc<\/a><\/strong><\/p><p><strong><a href=\"http:\/\/www.unesemaineunlivre.fr\/wp-content\/uploads\/2025\/10\/notice_editeur-lObservatoire_Humensis.pdf\" target=\"_blank\" rel=\"noopener\">Observatoire (L&#8217;)<\/a><\/strong><\/p><p><strong><a href=\"http:\/\/www.unesemaineunlivre.fr\/wp-content\/uploads\/2026\/02\/notice_editeur_lolivier.pdf\" target=\"_blank\" rel=\"noopener\">Olivier (L&#8217;)<\/a><\/strong><\/p><p><strong><a href=\"http:\/\/www.unesemaineunlivre.fr\/wp-content\/uploads\/2025\/11\/notice_editeur_Paulsen.pdf\" target=\"_blank\" rel=\"noopener\">Paulsen<\/a><\/strong><\/p><p><strong><a href=\"http:\/\/www.unesemaineunlivre.fr\/wp-content\/uploads\/2026\/02\/notice_editeur_La_Peuplade.pdf\" target=\"_blank\" rel=\"noopener\">Peuplade (La)<\/a><\/strong><\/p><p><strong><a href=\"http:\/\/www.unesemaineunlivre.fr\/wp-content\/uploads\/2026\/01\/notice_editeur-Philipe-Rey.pdf\" target=\"_blank\" rel=\"noopener\">Philippe Rey<\/a><\/strong><\/p><p><strong><a href=\"http:\/\/www.unesemaineunlivre.fr\/wp-content\/uploads\/2026\/02\/notice_editeur_Picquier.pdf\" target=\"_blank\" rel=\"noopener\">Picquier<\/a><\/strong><\/p><p><strong><a href=\"http:\/\/www.unesemaineunlivre.fr\/wp-content\/uploads\/2025\/11\/notice_editeur_Pocket.pdf\" target=\"_blank\" rel=\"noopener\">Pocket<\/a><\/strong><\/p><p><strong><a href=\"http:\/\/www.unesemaineunlivre.fr\/wp-content\/uploads\/2026\/02\/notice_editeur_Points.pdf\" target=\"_blank\" rel=\"noopener\">Points<\/a><\/strong><\/p><p><strong><a href=\"http:\/\/www.unesemaineunlivre.fr\/wp-content\/uploads\/2026\/02\/notice_editeur_P.O.L.pdf\" target=\"_blank\" rel=\"noopener\">P.O.L<\/a><\/strong><\/p><p><strong><a href=\"http:\/\/www.unesemaineunlivre.fr\/wp-content\/uploads\/2026\/02\/notice_editeur_Editions-du-Portrait.pdf\" target=\"_blank\" rel=\"noopener\">Portrait (du)<\/a><\/strong><\/p>\t\t\t\t\t\t\t\t<\/div>\n\t\t\t\t<\/div>\n\t\t\t\t<div class=\"elementor-element elementor-element-48ec2b7 elementor-widget__width-initial elementor-widget elementor-widget-text-editor\" data-id=\"48ec2b7\" data-element_type=\"widget\" data-widget_type=\"text-editor.default\">\n\t\t\t\t\t\t\t\t\t<h5>Q &#8211; Z\u00a0<\/h5><p><a href=\"http:\/\/www.unesemaineunlivre.fr\/wp-content\/uploads\/2025\/10\/notice_editeur_Sabine_Wespieser.pdf\" target=\"_blank\" rel=\"noopener\"><strong>Quidam<\/strong><\/a><\/p><p><strong><a href=\"http:\/\/www.unesemaineunlivre.fr\/wp-content\/uploads\/2026\/02\/notice_editeur_Rivages.pdf\" target=\"_blank\" rel=\"noopener\">Rivages<\/a><\/strong><\/p><p><strong><a href=\"http:\/\/www.unesemaineunlivre.fr\/wp-content\/uploads\/2026\/02\/notice_editeur_Robert_Laffont.pdf\" target=\"_blank\" rel=\"noopener\">Robert Laffont<\/a><\/strong><\/p><p><strong><a href=\"http:\/\/www.unesemaineunlivre.fr\/wp-content\/uploads\/2025\/10\/notice_editeur_Sabine_Wespieser.pdf\" target=\"_blank\" rel=\"noopener\">Sabine Wespieser<\/a><\/strong><\/p><p><strong><a href=\"http:\/\/www.unesemaineunlivre.fr\/wp-content\/uploads\/2026\/02\/notice_editeur_Le_Serpent_a_plumes.pdf\" target=\"_blank\" rel=\"noopener\">Serpent \u00e0 plumes (Le)<\/a><\/strong><\/p><p><strong><a href=\"http:\/\/www.unesemaineunlivre.fr\/wp-content\/uploads\/2025\/11\/notice_editeur_Seuil_Points.pdf\" target=\"_blank\" rel=\"noopener\">Seuil<\/a><\/strong><\/p><p><strong><a href=\"http:\/\/www.unesemaineunlivre.fr\/wp-content\/uploads\/2026\/02\/notice_editeur_Scribes.pdf\" target=\"_blank\" rel=\"noopener\">Scribes<\/a><\/strong><\/p><p><strong><a href=\"http:\/\/www.unesemaineunlivre.fr\/wp-content\/uploads\/2026\/02\/notice_editeur_Sillage.pdf\" target=\"_blank\" rel=\"noopener\">Sillages<\/a><\/strong><\/p><p><strong><a href=\"http:\/\/www.unesemaineunlivre.fr\/wp-content\/uploads\/2026\/02\/notice_editeur_Stock.pdf\" target=\"_blank\" rel=\"noopener\">Stock<\/a><\/strong><\/p><p><strong><a href=\"http:\/\/www.unesemaineunlivre.fr\/wp-content\/uploads\/2026\/02\/notice_editeur_La-Table-Ronde.pdf\" target=\"_blank\" rel=\"noopener\">Table Ronde (La)<\/a><\/strong><\/p><p><strong><a href=\"http:\/\/www.unesemaineunlivre.fr\/wp-content\/uploads\/2026\/02\/notice_editeur_Tallandier.pdf\" target=\"_blank\" rel=\"noopener\">Tallandier<\/a><\/strong><\/p><p><strong><a href=\"http:\/\/www.unesemaineunlivre.fr\/wp-content\/uploads\/2025\/11\/notice_editeur_Telemaque.pdf\" target=\"_blank\" rel=\"noopener\">Te\u0301le\u0301maque<\/a><\/strong><\/p><p><strong><a href=\"http:\/\/www.unesemaineunlivre.fr\/wp-content\/uploads\/2025\/11\/notice_editeur-Le-Tripode.pdf\" target=\"_blank\" rel=\"noopener\">Tripode (Le)<\/a><\/strong><\/p><p><strong><a href=\"http:\/\/www.unesemaineunlivre.fr\/wp-content\/uploads\/2026\/02\/notice_editeur_Typhon.pdf\" target=\"_blank\" rel=\"noopener\">Typhon<\/a><\/strong><\/p><p><strong><a href=\"http:\/\/www.unesemaineunlivre.fr\/wp-content\/uploads\/2026\/02\/notice_editeur_Verdier.pdf\" target=\"_blank\" rel=\"noopener\">Verdier<\/a><\/strong><\/p><p><strong><a href=\"http:\/\/www.unesemaineunlivre.fr\/wp-cohttp:\/\/www.unesemaineunlivre.fr\/wp-content\/uploads\/2026\/02\/notice_editeur-Zoe.pdf\" target=\"_blank\" rel=\"noopener\">Zo\u00e9<\/a><\/strong><\/p><p><strong><a href=\"http:\/\/www.unesemaineunlivre.fr\/wp-content\/uploads\/2026\/02\/notice_editeur_Zulma.pdf\" target=\"_blank\" rel=\"noopener\">Zulma<\/a><\/strong><\/p>\t\t\t\t\t\t\t\t<\/div>\n\t\t\t\t<\/div>\n\t\t\t\t<\/div>\n\t\t","protected":false},"excerpt":{"rendered":"<p>une semaine, un livre \u00a0A &#8211; E Actes Sud &#8211; Babel Albin Michel Allia Alto Anacharsis Anne Carri\u00e8re Arbre vengeur (L&#8217;) Ar\u00e8nes (Les) Arl\u00e9a Asphalte Autrement Bor\u00e9al (du) Buchet Chastel Calmann L\u00e9vy Cambourakis Cheyne Christian Bourgois Contre all\u00e9e (La) Deno\u00ebl Equateurs Elyzad F &#8211; L\u00a0&#8230;<\/p>\n","protected":false},"author":1,"featured_media":0,"parent":0,"menu_order":0,"comment_status":"closed","ping_status":"closed","template":"","meta":{"footnotes":""},"class_list":["post-318","page","type-page","status-publish","hentry"],"yoast_head":"<!-- This site is optimized with the Yoast SEO plugin v26.3 - https:\/\/yoast.com\/wordpress\/plugins\/seo\/ -->\n<title>Les notices \u00e9diteurs - Une semaine, un livre<\/title>\n<meta name=\"robots\" content=\"index, follow, max-snippet:-1, max-image-preview:large, max-video-preview:-1\" \/>\n<link rel=\"canonical\" href=\"https:\/\/www.unesemaineunlivre.fr\/index.php\/les-notices-editeurs\/\" \/>\n<meta property=\"og:locale\" content=\"fr_FR\" \/>\n<meta property=\"og:type\" content=\"article\" \/>\n<meta property=\"og:title\" content=\"Les notices \u00e9diteurs - Une semaine, un livre\" \/>\n<meta property=\"og:description\" content=\"une semaine, un livre \u00a0A &#8211; E Actes Sud &#8211; Babel Albin Michel Allia Alto Anacharsis Anne Carri\u00e8re Arbre vengeur (L&#8217;) Ar\u00e8nes (Les) Arl\u00e9a Asphalte Autrement Bor\u00e9al (du) Buchet Chastel Calmann L\u00e9vy Cambourakis Cheyne Christian Bourgois Contre all\u00e9e (La) Deno\u00ebl Equateurs Elyzad F &#8211; L\u00a0...\" \/>\n<meta property=\"og:url\" content=\"https:\/\/www.unesemaineunlivre.fr\/index.php\/les-notices-editeurs\/\" \/>\n<meta property=\"og:site_name\" content=\"Une semaine, un livre\" \/>\n<meta property=\"article:modified_time\" content=\"2026-04-06T15:52:00+00:00\" \/>\n<meta property=\"og:image\" content=\"http:\/\/www.unesemaineunlivre.fr\/wp-content\/uploads\/2026\/01\/Bandeau2026-1-1536x596.jpg\" \/>\n<meta name=\"twitter:card\" content=\"summary_large_image\" \/>\n<meta name=\"twitter:label1\" content=\"Dur\u00e9e de lecture estim\u00e9e\" \/>\n\t<meta name=\"twitter:data1\" content=\"1 minute\" \/>\n<script type=\"application\/ld+json\" class=\"yoast-schema-graph\">{\"@context\":\"https:\/\/schema.org\",\"@graph\":[{\"@type\":\"WebPage\",\"@id\":\"https:\/\/www.unesemaineunlivre.fr\/index.php\/les-notices-editeurs\/\",\"url\":\"https:\/\/www.unesemaineunlivre.fr\/index.php\/les-notices-editeurs\/\",\"name\":\"Les notices \u00e9diteurs - Une semaine, un livre\",\"isPartOf\":{\"@id\":\"http:\/\/www.unesemaineunlivre.fr\/#website\"},\"primaryImageOfPage\":{\"@id\":\"https:\/\/www.unesemaineunlivre.fr\/index.php\/les-notices-editeurs\/#primaryimage\"},\"image\":{\"@id\":\"https:\/\/www.unesemaineunlivre.fr\/index.php\/les-notices-editeurs\/#primaryimage\"},\"thumbnailUrl\":\"http:\/\/www.unesemaineunlivre.fr\/wp-content\/uploads\/2026\/01\/Bandeau2026-1-1536x596.jpg\",\"datePublished\":\"2025-10-30T10:02:59+00:00\",\"dateModified\":\"2026-04-06T15:52:00+00:00\",\"breadcrumb\":{\"@id\":\"https:\/\/www.unesemaineunlivre.fr\/index.php\/les-notices-editeurs\/#breadcrumb\"},\"inLanguage\":\"fr-FR\",\"potentialAction\":[{\"@type\":\"ReadAction\",\"target\":[\"https:\/\/www.unesemaineunlivre.fr\/index.php\/les-notices-editeurs\/\"]}]},{\"@type\":\"ImageObject\",\"inLanguage\":\"fr-FR\",\"@id\":\"https:\/\/www.unesemaineunlivre.fr\/index.php\/les-notices-editeurs\/#primaryimage\",\"url\":\"https:\/\/www.unesemaineunlivre.fr\/wp-content\/uploads\/2026\/01\/Bandeau2026-1-scaled.jpg\",\"contentUrl\":\"https:\/\/www.unesemaineunlivre.fr\/wp-content\/uploads\/2026\/01\/Bandeau2026-1-scaled.jpg\",\"width\":2560,\"height\":994},{\"@type\":\"BreadcrumbList\",\"@id\":\"https:\/\/www.unesemaineunlivre.fr\/index.php\/les-notices-editeurs\/#breadcrumb\",\"itemListElement\":[{\"@type\":\"ListItem\",\"position\":1,\"name\":\"Accueil\",\"item\":\"http:\/\/www.unesemaineunlivre.fr\/\"},{\"@type\":\"ListItem\",\"position\":2,\"name\":\"Les notices \u00e9diteurs\"}]},{\"@type\":\"WebSite\",\"@id\":\"http:\/\/www.unesemaineunlivre.fr\/#website\",\"url\":\"http:\/\/www.unesemaineunlivre.fr\/\",\"name\":\"Une semaine, un livre\",\"description\":\"\",\"potentialAction\":[{\"@type\":\"SearchAction\",\"target\":{\"@type\":\"EntryPoint\",\"urlTemplate\":\"http:\/\/www.unesemaineunlivre.fr\/?s={search_term_string}\"},\"query-input\":{\"@type\":\"PropertyValueSpecification\",\"valueRequired\":true,\"valueName\":\"search_term_string\"}}],\"inLanguage\":\"fr-FR\"}]}<\/script>\n<!-- \/ Yoast SEO plugin. -->","yoast_head_json":{"title":"Les notices \u00e9diteurs - Une semaine, un livre","robots":{"index":"index","follow":"follow","max-snippet":"max-snippet:-1","max-image-preview":"max-image-preview:large","max-video-preview":"max-video-preview:-1"},"canonical":"https:\/\/www.unesemaineunlivre.fr\/index.php\/les-notices-editeurs\/","og_locale":"fr_FR","og_type":"article","og_title":"Les notices \u00e9diteurs - Une semaine, un livre","og_description":"une semaine, un livre \u00a0A &#8211; E Actes Sud &#8211; Babel Albin Michel Allia Alto Anacharsis Anne Carri\u00e8re Arbre vengeur (L&#8217;) Ar\u00e8nes (Les) Arl\u00e9a Asphalte Autrement Bor\u00e9al (du) Buchet Chastel Calmann L\u00e9vy Cambourakis Cheyne Christian Bourgois Contre all\u00e9e (La) Deno\u00ebl Equateurs Elyzad F &#8211; L\u00a0...","og_url":"https:\/\/www.unesemaineunlivre.fr\/index.php\/les-notices-editeurs\/","og_site_name":"Une semaine, un livre","article_modified_time":"2026-04-06T15:52:00+00:00","og_image":[{"url":"http:\/\/www.unesemaineunlivre.fr\/wp-content\/uploads\/2026\/01\/Bandeau2026-1-1536x596.jpg","type":"","width":"","height":""}],"twitter_card":"summary_large_image","twitter_misc":{"Dur\u00e9e de lecture estim\u00e9e":"1 minute"},"schema":{"@context":"https:\/\/schema.org","@graph":[{"@type":"WebPage","@id":"https:\/\/www.unesemaineunlivre.fr\/index.php\/les-notices-editeurs\/","url":"https:\/\/www.unesemaineunlivre.fr\/index.php\/les-notices-editeurs\/","name":"Les notices \u00e9diteurs - Une semaine, un livre","isPartOf":{"@id":"http:\/\/www.unesemaineunlivre.fr\/#website"},"primaryImageOfPage":{"@id":"https:\/\/www.unesemaineunlivre.fr\/index.php\/les-notices-editeurs\/#primaryimage"},"image":{"@id":"https:\/\/www.unesemaineunlivre.fr\/index.php\/les-notices-editeurs\/#primaryimage"},"thumbnailUrl":"http:\/\/www.unesemaineunlivre.fr\/wp-content\/uploads\/2026\/01\/Bandeau2026-1-1536x596.jpg","datePublished":"2025-10-30T10:02:59+00:00","dateModified":"2026-04-06T15:52:00+00:00","breadcrumb":{"@id":"https:\/\/www.unesemaineunlivre.fr\/index.php\/les-notices-editeurs\/#breadcrumb"},"inLanguage":"fr-FR","potentialAction":[{"@type":"ReadAction","target":["https:\/\/www.unesemaineunlivre.fr\/index.php\/les-notices-editeurs\/"]}]},{"@type":"ImageObject","inLanguage":"fr-FR","@id":"https:\/\/www.unesemaineunlivre.fr\/index.php\/les-notices-editeurs\/#primaryimage","url":"https:\/\/www.unesemaineunlivre.fr\/wp-content\/uploads\/2026\/01\/Bandeau2026-1-scaled.jpg","contentUrl":"https:\/\/www.unesemaineunlivre.fr\/wp-content\/uploads\/2026\/01\/Bandeau2026-1-scaled.jpg","width":2560,"height":994},{"@type":"BreadcrumbList","@id":"https:\/\/www.unesemaineunlivre.fr\/index.php\/les-notices-editeurs\/#breadcrumb","itemListElement":[{"@type":"ListItem","position":1,"name":"Accueil","item":"http:\/\/www.unesemaineunlivre.fr\/"},{"@type":"ListItem","position":2,"name":"Les notices \u00e9diteurs"}]},{"@type":"WebSite","@id":"http:\/\/www.unesemaineunlivre.fr\/#website","url":"http:\/\/www.unesemaineunlivre.fr\/","name":"Une semaine, un livre","description":"","potentialAction":[{"@type":"SearchAction","target":{"@type":"EntryPoint","urlTemplate":"http:\/\/www.unesemaineunlivre.fr\/?s={search_term_string}"},"query-input":{"@type":"PropertyValueSpecification","valueRequired":true,"valueName":"search_term_string"}}],"inLanguage":"fr-FR"}]}},"_links":{"self":[{"href":"https:\/\/www.unesemaineunlivre.fr\/index.php\/wp-json\/wp\/v2\/pages\/318","targetHints":{"allow":["GET"]}}],"collection":[{"href":"https:\/\/www.unesemaineunlivre.fr\/index.php\/wp-json\/wp\/v2\/pages"}],"about":[{"href":"https:\/\/www.unesemaineunlivre.fr\/index.php\/wp-json\/wp\/v2\/types\/page"}],"author":[{"embeddable":true,"href":"https:\/\/www.unesemaineunlivre.fr\/index.php\/wp-json\/wp\/v2\/users\/1"}],"replies":[{"embeddable":true,"href":"https:\/\/www.unesemaineunlivre.fr\/index.php\/wp-json\/wp\/v2\/comments?post=318"}],"version-history":[{"count":166,"href":"https:\/\/www.unesemaineunlivre.fr\/index.php\/wp-json\/wp\/v2\/pages\/318\/revisions"}],"predecessor-version":[{"id":1999,"href":"https:\/\/www.unesemaineunlivre.fr\/index.php\/wp-json\/wp\/v2\/pages\/318\/revisions\/1999"}],"wp:attachment":[{"href":"https:\/\/www.unesemaineunlivre.fr\/index.php\/wp-json\/wp\/v2\/media?parent=318"}],"curies":[{"name":"wp","href":"https:\/\/api.w.org\/{rel}","templated":true}]}}